tor of 47164?
False
Does 25 divide 156272?
False
Is 2721768 a multiple of 27?
False
Is 697443 a multiple of 132?
False
Does 11 divide 296043?
True
Is 66 a factor of 388608?
True
Is 289417 a multiple of 346?
False
Is 94 a factor of 19997?
False
Does 893 divide 10483820?
True
Does 44 divide 157520?
True
Is 72 a factor of 735408?
True
Is 411 a factor of 1024212?
True
Is 6 a factor of 1602769?
False
Is 152841 a multiple of 80?
False
Is 82 a factor of 4746242?
True
Is 616870 a multiple of 216?
False
Does 79 divide 252879?
True
Does 51 divide 101592?
True
Does 36 divide 206120?
False
Is 77969 a multiple of 30?
False
Is 7201494 a multiple of 171?
True
Is 6653160 a multiple of 61?
False
Is 20 a factor of 615849?
False
Is 423 a factor of 472491?
True
Is 118266 a multiple of 19?
False
Is 143 a factor of 2611771?
False
Does 50 divide 435517?
False
Is 6 a factor of 1085736?
True
Is 8055203 a multiple of 1031?
True
Does 24 divide 12293682?
False
Does 9 divide 1658424?
False
Is 480 a factor of 527520?
True
Is 133 a factor of 6284716?
False
Is 357517 even?
False
Is 54 a factor of 283880?
False
Is 1300228 a multiple of 8?
False
Is 229 a factor of 944378?
False
Is 712118 a multiple of 22?
True
Is 750871 a multiple of 801?
False
Does 30 divide 80370?
True
Does 2 divide 11093?
False
Is 6413 a multiple of 11?
True
Is 34430 even?
True
Is 28625 a multiple of 4?
False
Is 38 a factor of 233928?
True
Is 1473660 a multiple of 20?
True
Is 388 a factor of 33822?
False
Is 1757681 a multiple of 29?
False
Does 295 divide 1011850?
True
Is 188982 a multiple of 144?
False
Is 389961 a multiple of 99?
True
Is 4 a factor of 26838?
False
Is 3 a factor of 429522?
True
Is 16821432 a multiple of 68?
True
Does 40 divide 567533?
False
Does 8 divide 2198236?
False
Is 645148 a multiple of 7?
True
Is 20 a factor of 377900?
True
Does 411 divide 555251?
False
Is 178 a factor of 694378?
True
Is 33565 a multiple of 25?
False
Does 171 divide 802503?
True
Is 645 a factor of 3047109?
False
Is 6 a factor of 2240520?
True
Is 408571 a multiple of 217?
False
Does 73 divide 123285?
False
Does 10 divide 630055?
False
Does 16 divide 2473520?
True
Is 7156352 a multiple of 448?
True
Does 5 divide 22196?
False
Is 537446 a multiple of 13?
True
Is 30 a factor of 327648?
False
Is 311 a factor of 2496086?
True
Is 2988924 a multiple of 27?
False
Is 16 a factor of 196324?
False
Is 106647 a multiple of 3?
True
Does 68 divide 6934912?
True
Is 182892 a multiple of 12?
True
Is 52 a factor of 814372?
True
Is 1106431 a multiple of 28?
False
Is 69360 a multiple of 5?
True
Is 87430 a multiple of 5?
True
Does 88 divide 3784352?
True
Does 46 divide 37944?
False
Does 7 divide 1183320?
False
Is 256 a factor of 2004356?
False
Is 76 a factor of 567013?
False
Does 31 divide 5904?
False
Is 8 a factor of 15697?
False
Does 97 divide 321930?
False
Is 16 a factor of 8720?
True
Is 20 a factor of 1703?
False
Does 907 divide 682064?
True
Is 89 a factor of 46369?
True
Is 66 a factor of 537966?
True
Is 4144188 a multiple of 843?
True
Does 25 divide 205125?
True
Does 17 divide 1391518?
True
Does 6 divide 4449366?
True
Is 37 a factor of 2721017?
True
Is 55472 a multiple of 8?
True
Is 130152 a multiple of 748?
True
Is 437 a factor of 334225?
False
Does 34 divide 2397757?
False
Is 9 a factor of 6233616?
True
Is 12122 a multiple of 29?
True
Is 9 a factor of 48090?
False
Is 4 a factor of 310645?
False
Is 213 a factor of 2798741?
False
Does 18 divide 12610926?
True
Does 237 divide 43371?
True
Is 10 a factor of 607040?
True
Does 41 divide 33677?
False
Is 162812 a multiple of 403?
True
Does 607 divide 3068645?
False
Is 3925428 a multiple of 13?
True
Is 1072620 a multiple of 177?
True
Is 22839316 a multiple of 149?
True
Does 50 divide 11151700?
True
Is 535 a factor of 4566893?
False
Is 69 a factor of 1468026?
False
Is 235 a factor of 51893?
False
Does 55 divide 868664?
False
Does 19 divide 2000991?
False
Is 5967 a multiple of 13?
True
Is 428944 a multiple of 16?
True
Is 8 a factor of 16112?
True
Does 33 divide 3084609?
True
Is 15 a factor of 960375?
True
Is 17851508 a multiple of 16?
False
Does 95 divide 262580?
True
Does 114 divide 6026838?
True
Does 530 divide 8340080?
True
Is 77 a factor of 45453?
False
Is 55 a factor of 15664550?
True
Does 288 divide 2356550?
False
Is 19 a factor of 706808?
False
Does 4 divide 38920?
True
Does 28 divide 591743?
False
Is 2011455 a multiple of 3?
True
Is 4907884 a multiple of 67?
True
Does 1007 divide 39101810?
True
Is 2522049 a multiple of 5?
False
Does 863 divide 1864080?
True
Is 27 a factor of 668612?
False
Is 3918292 a multiple of 7?
True
Is 27618210 a multiple of 2605?
True
Is 65 a factor of 365755?
True
Is 90 a factor of 52105?
False
Is 57090 a multiple of 330?
True
Is 539 a factor of 214522?
True
Is 110 a factor of 2475440?
True
Is 454495 a multiple of 6?
False
Does 624 divide 2479152?
True
Does 104 divide 16643432?
True
Does 1111 divide 6644160?
False
Is 86356 a multiple of 5?
False
Is 15993976 a multiple of 8?
True
Is 235 a factor of 229830?
True
Is 6236298 a multiple of 14?
False
Is 4 a factor of 102023?
False
Is 95495 a multiple of 3?
False
Is 1127037 a multiple of 591?
True
Does 32 divide 46336?
True
Is 9 a factor of 156942?
True
Is 1505 a factor of 19337692?
False
Is 2630628 a multiple of 146?
True
Is 10 a factor of 1599682?
False
Is 103048 a multiple of 22?
True
Is 59 a factor of 93955?
False
Is 29 a factor of 2203642?
False
Is 5 a factor of 243830?
True
Is 3913443 a multiple of 26?
False
Is 428003 a multiple of 157?
False
Is 32 a factor of 7033600?
True
Does 26 divide 8924533?
False
Is 8 a factor of 579279?
False
Is 3968161 a multiple of 291?
False
Is 9 a factor of 291448?
False
Is 458782 a multiple of 382?
True
Does 6 divide 422658?
True
Is 407 a factor of 4839727?
False
Is 53 a factor of 59773?
False
Does 229 divide 6853741?
True
Does 18 divide 34403?
False
Does 17 divide 33225?
False
Is 220745 a multiple of 833?
True
Is 291 a factor of 1616229?
False
Is 10741560 a multiple of 9?
False
Is 45760 a multiple of 249?
False
Is 60 a factor of 1509600?
True
Is 10 a factor of 6898800?
True
Does 610 divide 1927351?
False
Does 25 divide 69900?
True
Does 36 divide 74039?
False
Is 54 a factor of 160831?
False
Is 28116 a multiple of 18?
True
Is 140 a factor of 31150?
False
Is 2438079 a multiple of 160?
False
Does 37 divide 457135?
True
Is 2185188 a multiple of 19?
False
Is 8 a factor of 2963081?
False
Does 51 divide 39920?
False
Is 400 a factor of 657600?
True
Does 25 divide 1292850?
True
Is 12 a factor of 382085?
False
Is 171 a factor of 347130?
True
Is 87 a factor of 2575287?
True
Is 18 a factor of 3353040?
True
Is 716 a factor of 1062544?
True
Is 69275 a multiple of 163?
True
Does 41 divide 1434508?
True
Is 11510472 a multiple of 12?
True
Is 727628 a multiple of 44?
True
Is 3384981 a multiple of 661?
True
Does 46 divide 7681218?
True
Is 16 a factor of 577740?
False
Is 3312255 a multiple of 503?
True
Does 113 divide 4054440?
True
Is 1183170 a multiple of 282?
False
Is 84 a factor of 39542?
False
Is 831203 a multiple of 5?
False
Is 1974624 a multiple of 67?
True
Is 100 a factor of 3898200?
True
Is 27 a factor of 1791731?
False
Is 133 a factor of 689220?
False
Is 107571 a multiple of 11?
False
Is 19 a factor of 416936?
True
Does 200 divide 5395850?
False
Is 1259441 a multiple of 12?
False
Is 98 a factor of 183750?
True
Is 1340 a factor of 2564122?
False
Does 11 divide 10230?
True
Does 39 divide 3029534?
False
Does 136 divide 1745012?
False
Does 58 divide 358614?
True
Is 483 a factor of 19693132?
False
Does 68 divide 2424744?
True
Is 83594 a multiple of 7?
True
Does 61 divide 75552?
False
Does 140 divide 2838780?
True
Does 14 divide 20076?
True
Does 4 divide 205447?
False
Is 15 a factor of 158100?
True
Does 235 divide 126430?
True
Is 225 a factor of 424800?
True
Does 266 divide 10437574?
True
Is 177745 a multiple of 4?
False
Does 57 divide 917414?
False
Does 14 divide 5170158?
True
Is 21540 a multiple of 8?
False
Is 29 a factor of 5597?
True
Is 30 a factor of 132522?
False
Is 178806 a multiple of 8?
False
Is 14 a factor of 131324?
False
Is 6 a factor of 948716?
False
Is 31 a factor of 232803?
False
Is 452 a factor of 664892?
True
Does 401 divide 1316082?
True
Is 8968444 a multiple of 20?
False
Is 19437